*k - 7. Determine b(g).
5
Suppose 0 = -5*t + 8 + 12. Suppose 0 = i - 3*m - t, -i - m = -0*m - 4. Suppose -2*x - i*g + 3 = -7, -3*x + g - 13 = 0. Let b(f) = -2*f. Calculate b(x).
6
Let w(z) be the second derivative of z**3/6 - 5*z**2 - 3*z. Let g = 20 - 14. Determine w(g).
-4
Let v(d) = -1 + d**2 - d - 5 + 3 + 3*d. Give v(-4).
5
Let n = -22 - -19. Let q(r) = -r - 1. Determine q(n).
2
Suppose 0 = -0*h - 4*h + 12. Let g = 6 - h. Suppose k - 4 = -g*k. Let s(q) = -6*q**2 - q. Give s(k).
-7
Suppose -2 - 2 = z. Let p(j) = -j**2 + 4*j - 4. Let x(t) = -t**2 + 5*t - 5. Let v(s) = z*x(s) + 5*p(s). What is v(-2)?
-4
Let g(w) = 8*w**3 - 5*w - 4. Let j(q) = -22*q**3 + 11*q + 15. Let t(n) = n**3 - 1. Let u(b) = -j(b) - 6*t(b). Let x(i) = 9*g(i) - 4*u(i). Determine x(-1).
-7
Let z(s) be the first derivative of 8*s**2 - s + 10. Determine z(1).
15
Let v(p) be the third derivative of -p**5/60 - 3*p**4/8 - p**3/6 + 4*p**2. Let c(i) be the first derivative of v(i). Determine c(-6).
3
Let j(q) = -q**3 + q + 13. Let p be ((-2)/4)/((-2)/12). Let d be 0*((-28)/8 + p). Determine j(d).
13
Let y(g) = -g**3 + 2*g**2 + 2*g - 2. Let u(x) = x**2 + 15*x - 73. Let t be u(-19). Give y(t).
-5
Let l(y) be the third derivative of -y**6/120 + y**5/20 - y**4/12 - y**3/6 - 3*y**2. What is l(3)?
-7
Let c(r) = -9*r. Suppose -3*h = 5 - 8. What is c(h)?
-9
Let x(d) = 2*d + 20. Let t be x(-7). Let s(z) = z**2 - z - 1. Determine s(t).
29
Let t(y) = y**3 - 7*y**2 + 6*y + 2. Let n = 105 + -34. Suppose 23 = 4*l + n. Let z be ((-12)/5)/(l/30). What is t(z)?
2
Suppose -3*m + 7*m + 8 = 0. Let g(p) = 8*p + 3. Calculate g(m).
-13
Let a(l) = 3*l**2 - 3*l - 3. Let h be a(4). Let v = 27 - h. Let b(d) = -d**2 - 7*d + 2. What is b(v)?
8
Let h(b) = -b**3 + 2*b**2 + b + 1. Let u(k) = -3*k - 1. Let n(o) = -o - 1. Let y(g) = 5*n(g) - 2*u(g). Let q be y(5). What is h(q)?
3
Let l(y) = -2*y + 4. Let v be (24/16)/((-2)/(-4)). Determine l(v).
-2
Let f = 2 + 1. Suppose f*r - 2*o = 10, 4*r + o = 3*r + 5. Let x(p) be the second derivative of p**5/20 - 5*p**4/12 + p**3/2 + p**2 + p. Calculate x(r).
-2
Let l(y) = -1. Let p(j) be the first derivative of -7*j**3/3 + j**2/2 - 3*j - 6. Let u(r) = 2*l(r) - p(r). Determine u(1).
7
Let r(m) = -m**3 + 4*m**2 - 1. Let i(u) = -2*u**2 - 6*u + 3. Let l be i(-3). Calculate r(l).
8
Let f(u) = -u - 2. Let x be f(-4). Let c(k) = x*k**2 - k**3 - 6*k**2 + 4*k + k**2. Determine c(-4).
0
Let w(l) = -l**3 + 5*l**2 - 4*l - 2. Let s = 29 - 17. Let c(f) = f**3 - 11*f**2 - 12*f + 4. Let m be c(s). Calculate w(m).
-2
Let s(b) = 4*b**2 - 3*b. Let u(t) be the third derivative of 17*t**5/60 - 13*t**4/24 - t**3/6 + 3*t**2. Let p(j) = -9*s(j) + 2*u(j). Determine p(2).
-8
Let q = 4 + -2. Suppose 3*j + q*j = 0. Suppose 0*c = 3*c - 4*t + 24, j = c - 2*t + 10. Let y(a) = 2*a + 3. Give y(c).
-5
Let l be -2*(-3)/(-18)*-9. Suppose u = -2*u + l. Let m(c) = -5*c + u - c**2 + 0 - 3. Determine m(-4).
2
Let b(h) be the first derivative of -h**4/6 - h**3/3 + h + 2. Let p(g) be the first derivative of b(g). What is p(-2)?
-4
Suppose u - 3*x = -13, -u + 5*x = 3*u + 17. Let q = -4 + 7. Let n(k) = -u*k - k - q - 2*k. Determine n(-2).
7
Suppose 6 = 5*w + 3*a + 2, 3*w + a = 0. Let b(n) = -7*n**3 + 2*n**2 - 1. Determine b(w).
8
Let p(y) be the third derivative of y**4/24 + y**3/3 - 36*y**2. Let q(d) = d**3 + 5*d**2 + 6*d + 5. Let o be q(-4). What is p(o)?
-1
Let l(a) = a**2 + 1. Let h(z) = 3*z**2 + z + 2. Let y(t) = -2*h(t) + 5*l(t). What is y(1)?
-2
Suppose 2*t = 14 - 16. Let q(p) = 5*p**2 + 1. Determine q(t).
6
Suppose -28*z = -34*z - 12. Let i(f) = -f**3 - f**2. What is i(z)?
4
Let c = 22 - 18. Let q(g) = g - 2*g**2 + g**2 + 5*g - 5. Calculate q(c).
3
Let i(s) = 4 - 1 - 2 + 3*s**2 + 9*s - 8*s + 3*s**3. Determine i(-2).
-13
Let w(u) = u**3 + 3*u**2 + 2*u. Suppose -3*z + 6 = -3*o, -z + 5*o - 6 = -0. Suppose -7*s - 6 = -z*s. Let d be w(s). Let r(i) = i**2 + i - 5. Determine r(d).
-5
Let k(t) be the first derivative of t**4/4 + 5*t**3/3 + t**2 + 6*t + 17. Determine k(-5).
-4
Let a be (-4)/6*(-30)/4. Let h(f) = f**3 - 5*f**2 + 3*f - 7. What is h(a)?
8
Let g(l) = -l - 1. Suppose 3*a - 3 = 2*a. Let x = a + -5. Give g(x).
1
Let n(f) be the first derivative of -8*f**3/3 - f + 2. Give n(1).
-9
Let q = -3 - -4. Let d(w) = -w**2 - 7*w + 3. Let y be d(-8). Let g(p) = -p - 1. Let b(x) = 1. Let s(c) = y*g(c) - 4*b(c). Determine s(q).
6
Let t(s) = -s**2 + 6*s + 1. Let q be t(5). Let w(c) = -c**2 + c**2 - 6*c**2 + 1 + c**3 - c. Give w(q).
-5
Let j(d) = d + 27 + 24 - 77 + 29. Determine j(-2).
1
Let j = 46 + -27. Suppose -4*g + j - 3 = 0. Suppose v + 16 = 6*h - 2*h, 3*v + g*h - 32 = 0. Let t(k) = k**2 - 4*k. Determine t(v).
0
Let p(r) = r**2 + 10*r - 9. Let b be (10/4)/((-2)/16*2). Calculate p(b).
-9
Let h = -4 - -9. Suppose -4*u + 21 = 2*s - h, 2*u = 8. Suppose 0 = -5*l + 4*d - 35, -2*d + d = s*l + 10. Let k(y) = -5*y - 2. Give k(l).
13
Suppose -3*n = -2*n - 2. Let k(i) = 0*i**2 - i**3 - 6*i**2 + 5*i**n. Calculate k(0).
0
Let t(v) = 3*v + 1. Let a(j) = -j - 1. Let c(p) = -2*a(p) + t(p). Let b(w) = w + 1. Let g(d) = -6*b(d) + c(d). Calculate g(-6).
3
Let q(p) = p**2 + p. Let h(r) = r**3 + 3*r**2 - 4*r - 3. Let t be h(-4). Let z = -4 - t. Let c(s) = 7*s**2 + 3*s - 3. Let u(y) = z*c(y) + 6*q(y). Give u(-2).
-7
Suppose 0 = 2*g - 4, -2*h = 3*h + 2*g + 26. Let s be ((-4)/h)/((-6)/(-9)). Let z(f) = 0*f**3 - 6*f**3 - 1 + 3*f**3. What is z(s)?
-4
Let v be 29/(-3) + (-6)/(-9). Let x = -4 - v. Let z(t) be the second derivative of -t**3/6 + 3*t**2 + 14*t. Determine z(x).
1
Let v be 1/(-2)*28/(-7). Let t(y) = 5*y - 3*y - 3*y + 4 - v*y. Calculate t(3).
-5
Let t(d) = 5*d**2 + 5*d + 6. Let k(b) = -4*b**2 - 5*b - 6. Let a(z) = -4*k(z) - 3*t(z). What is a(-6)?
12
Let r = -5 - -8. Suppose 3*j = -o - j + 13, 0 = 4*o + 4*j - 40. Let d(z) = -5 - z + 0 + o. Determine d(r).
1
Let a(l) = 6*l**2 + l - 1. Suppose -2*q - 4*k - 3 = 3*q, 0 = 3*q - k - 5. What is a(q)?
6
Suppose -o - 4 - 1 = -4*h, 3*o = -4*h + 17. Let a(z) = z + 3. Let t(r) = 3*r + 17. Let p(g) = 5*a(g) - t(g). Calculate p(o).
4
Suppose -y + 19 = -5*q, 5*y + q - 5 = -4*q. Let l be 0*1/2 + 2. Let c(x) = -2*x + y*x - 2*x**2 - l*x**2. Calculate c(2).
-12
Let d(w) be the third derivative of -w**5/15 + w**4/24 + w**3/6 + 2*w**2. Suppose -2*j + 2 = -5*c - 11, -20 = 5*c + 5*j. Let n be 4/c + 5/15. Give d(n).
-4
Let r(k) = -7*k - 8. Let w(d) = -d - 1. Let o(v) = -3*r(v) + 24*w(v). Determine o(3).
-9
Let f(h) be the second derivative of 0 - 1/20*h**5 + h + 1/4*h**4 - 5/2*h**2 + 2/3*h**3. What is f(4)?
-5
Let r(l) = 4*l + 2. Let c = -10 + 16. Suppose -4*q = -q + c. What is r(q)?
-6
Let i = 7 - 7. Suppose -q - 4*b - 8 = -3*q, 4*q - 3*b - 11 = i. Let r(c) be the second derivative of -c**4/12 - c**3/2 + 3*c**2/2 + c. Calculate r(q).
-7
Let k(y) = -y**3 - 1. Let o(s) = -s**2 - 7*s - 5. Let c be o(-6). Let j(g) = 4*g**3 - g**2 + g - 6. Let w(v) = c*j(v) - 6*k(v). What is w(1)?
10
Let y(l) be the second derivative of -3*l + 0 - 5/6*l**3 - l**2 + 0*l**4 + 1/20*l**5. Determine y(-3).
-14
Let r = -1 + -3. Let m(i) = -1. Let a(l) = -l**2 - 5*l - 2. Let h(c) = -a(c) - 4*m(c). What is h(r)?
2
Let n(y) = -y**2 - y - 4. Suppose 3*m = -m. Give n(m).
-4
Let v(i) be the third derivative of -i**6/60 - i**5/60 - i**3/6 + 2*i**2. Let n = -3 - -1. Determine v(n).
11
Let f(w) = -w**3 + 4*w**2 - 3*w - 1. Let d be f(3). Let b = 5 + d. Let j(h) = h**2 + 0*h**2 + 0*h - 2*h - 3*h. Give j(b).
-4
Let c(g) = -g**3 - g**2 + g - 11. Let y = -9 + 9. What is c(y)?
-11
Let i(p) = 3*p + 3. Suppose -4*o + 27 + 21 = 0. Let g = 9 - o. What is i(g)?
-6
Let d(j) = -j. Suppose -2*x + 8 = -4*n, -3*x - 5*n - 7 = -5*x. Let b(z) = 7*z - 4. Let g(f) = x*d(f) + b(f). Calculate g(-5).
-9
Let r(v) be the third derivative of v**6/120 + v**5/15 + 5*v**4/24 + 2*v**3/3 - 28*v**2. What is r(-3)?
-2
Let m(s) = s**3 - 2*s + 1. Let q = -3 - -6. Let r be (2 - -1)/q + -3. Determine m(r).
-3
Let z(s) be the third derivative of 0 + 1/24*s**4 + 0*s**3 + 1/60*s**5 + 7*s**2 + 0*s. Give z(-2).
2
Suppose -f + 16 = -4*v, 3*f + 2*v + 2 + 6 = 0. Suppose -2*d + f + 2 = 0. Let t(i) = -6*i + 1. Calculate t(d).
-5
Let s = 26 - 25. Let k = -2 + 2. Let z(w) = w + 5*w**2 + k*w - 2*w. Give z(s).
4
Let v(r) be the second derivative of r**5/20 + r**4/3 + r**3/3 + 5*r**2/2 - 10*